t u be -9 + 210/18*3. Calculate the greatest common factor of u and 416.
26
Let a be (-730)/(-25) - 1/(10/(-8)). Calculate the highest common factor of a and 12.
6
Let d be 0/(7/((-7)/(-2))). Suppose d = -0*h + 2*h - 12. Suppose -2*b - 312 = -h*b. What is the greatest common factor of b and 13?
13
Let r(t) = 65*t - 12. Let d be r(-6). Let f = d - -842. Let i be 2/10 + f/50. Calculate the greatest common factor of 99 and i.
9
Let s be (-14)/21 - 17/(-3). Suppose s*o - 33 - 37 = 0. Calculate the greatest common divisor of 21 and o.
7
Suppose 24 = -0*r + 8*r. Suppose -r*v + 53 - 14 = 0. Calculate the greatest common factor of v and 143.
13
Let l(n) = 24*n**2 + 3. Let m be l(-2). Suppose 7*v - 3*v - 44 = 0. What is the highest common factor of m and v?
11
Let x = -52 - -117. Let t be (0 + 5)/(77/14 - 5). Suppose 312 = 2*z + t*z. What is the greatest common factor of x and z?
13
Suppose 4*f = 8, 20 = -4*k - 3*f + 114. Let d be (63/(-4))/(-1 + k/24). Calculate the highest common factor of d and 21.
21
Let r(g) = g**3 + 8*g**2 + 4*g + 2. Let n be r(-2). Suppose -7*o + 4*o + n = 0. Calculate the highest common factor of 9 and o.
3
Let r = 93 - 73. Suppose i + 2*z = 4*i - r, 3*i + 2*z = 4. What is the highest common factor of i and 44?
4
Let x be (-4)/7 - ((-100)/(-14))/(-2). Let g = 0 + x. Let y(z) = z + 6. Let k be y(-5). What is the highest common divisor of g and k?
1
Let b be (10/(-10))/(3/(-2775)). What is the highest common divisor of 25 and b?
25
Suppose -12*c = -13*c + 136. Let g be ((2 + -2)/1)/1. Suppose 2*n + d - 35 = g, 3*n = 8*n - d - 84. Calculate the highest common factor of c and n.
17
Let m be 54/15 - (-10)/25. Suppose 5*s - 2*a - 455 = 0, -m*a + 91 = 2*s - s. Calculate the highest common divisor of s and 13.
13
Suppose 6*l - 23 - 13 = 0. Let r be (-5 + 24/(-6))/(l/(-8)). What is the highest common factor of r and 60?
12
Let v be (14/(-6))/(1/(-6)). Let f be (-13)/(-2) + 0 - (-25)/50. Let x = v - f. Calculate the highest common divisor of x and 7.
7
Let p = -148 - -226. What is the highest common divisor of 390 and p?
78
Suppose 5*o - 7*j + 2*j = 60, -j - 5 = 0. Suppose n = 2*k + 38 - 9, -54 = -2*n + 3*k. Calculate the highest common divisor of o and n.
7
Let j be 2*(-81)/(-2)*1. Let s(h) = h**3 + 51*h**2 + 101*h + 174. Let g be s(-49). Calculate the highest common divisor of g and j.
27
Let c be -4 + 1 - (-18)/3. Suppose -4*v - 4*o = -80, c*o = 2*o. Let y = v + -12. What is the greatest common factor of 8 and y?
8
Let i = -11 - -14. Let l(p) = 15*p. Let s be l(i). What is the greatest common divisor of 9 and s?
9
Let h = -101 + 293. Suppose -5*f = 7 - 67. Calculate the greatest common factor of h and f.
12
Suppose -112*g + 208 = -104*g. Let c be 1 - 78/(-1) - 1. Calculate the greatest common divisor of c and g.
26
Let t(r) = r**3 + 8*r**2 + 2*r + 12. Let p be t(-7). Let b = p - 17. Calculate the greatest common factor of b and 90.
30
Suppose 0 = l + 2*t - 595, 729 = 5*l - 3*t - 2311. What is the greatest common factor of l and 33?
11
Let x be (-1)/(-3) - (-3 + (-195)/9). What is the highest common divisor of x and 275?
25
Suppose q = 3*q. Suppose 6*t - 3*t = 0. Suppose q = -j - t*j + 9. What is the greatest common factor of j and 1?
1
Let g = 1950 + -1906. What is the greatest common divisor of 176 and g?
44
Suppose 19*v - 495 = 16*v. Suppose -217 = -j - 4*o, v + 52 = j - o. What is the greatest common factor of j and 31?
31
Suppose -4*w - 2 = -2*w. Let r(i) = -99*i**3 + 2*i**2 - 1. Let y be r(w). Let u = -110 - -150. What is the highest common divisor of y and u?
20
Suppose -a - 62 = -2*r, 0 = -3*r - 3*a + 5*a + 91. What is the greatest common factor of r and 9?
3
Suppose 5*z = -h + 14, 3*z - 43 = 3*h - 13. Let r be h/((-90)/25)*15. Calculate the highest common factor of r and 175.
25
Let h(l) = l**3 + 11*l**2 + 9*l - 1. Let u be h(-10). Suppose 35 = 3*m + 5*s, m + s = u + 2. Calculate the highest common divisor of m and 10.
10
Let o(k) = 63*k - 246. Let v be o(4). Let j be (0 + (-2)/4)*-48. What is the highest common factor of j and v?
6
Suppose 63 = 3*t - 4*s, 4*t - 13*s = -11*s + 84. Calculate the highest common divisor of t and 231.
21
Let n(f) = -3*f + 1. Let m be n(-1). Let z(i) = 13*i + 5. Let q = -17 - -20. Let a be z(q). Calculate the highest common factor of a and m.
4
Let t(v) = -3*v - 1 + 4*v - 11*v**3 + 1 + 1. Let i be t(-1). Let n(g) = g**2 - 8*g - 23. Let w be n(i). What is the greatest common factor of w and 10?
10
Let p(m) = -3*m - 24. Let i = -21 + 7. Let j be p(i). Calculate the greatest common divisor of j and 90.
18
Suppose 3*k + 611 = 4*y, k + 2*y = -0*y - 217. Let h = k + 300. Calculate the highest common divisor of 13 and h.
13
Suppose 2468 = 41*q - 37*q + 4*k, -4*q = k - 2465. Calculate the highest common divisor of q and 7.
7
Let l(v) = v**3 + 8*v**2 + 6*v + 9. Let w be l(-7). Suppose g = -4*c + 96, 5*c - 3*c - 328 = -4*g. Calculate the highest common factor of w and g.
16
Let t be 26*((-155)/(-30))/((-2)/(-6)). What is the highest common factor of t and 31?
31
Let j(m) = -m**3 + 10*m**2 + 46*m - 243. Let s be j(11). What is the highest common factor of s and 71?
71
Let b = -2 + 6. Suppose -2*m + 26 = b*k, -k = 2*k - 9. Let y(f) = -3*f**2 + 46*f - 14. Let c be y(15). What is the highest common factor of c and m?
1
Let k be 7/(-28) - (33/12 + 1). Let s(u) = -2*u**2 - 5 + 4*u + 0 + 0*u**2 - u**3. Let j be s(k). What is the highest common divisor of j and 55?
11
Suppose 132*p + 4095 = 147*p. What is the greatest common divisor of p and 39?
39
Suppose 2*d - k = 2*k - 26, 24 = -d - 4*k. Let n be 1 - (-1892)/14 - d/(-112). What is the highest common factor of n and 34?
34
Let u = -85 - -94. Suppose 5*w - 10*w + 35 = 0. Suppose -4*r - 5*k + w = -414, -124 = -r - 5*k. What is the highest common divisor of r and u?
9
Suppose -2*q - 8*q + 130 = 0. What is the greatest common divisor of q and 351?
13
Let g(f) = 2*f**2 + 12*f - 3. Suppose 4*v = -3*h - 43, -3*v + 24 = -h - 3*h. Let q be g(h). What is the greatest common factor of 17 and q?
17
Let s be 3/5 + (-72)/20. Let k(x) = x**2 - 3. Let z be k(s). Let g = 11 + z. Calculate the highest common divisor of 34 and g.
17
Suppose 6*f + 67 = 265. Calculate the greatest common factor of 231 and f.
33
Let g = -110 - -149. Calculate the greatest common divisor of 3 and g.
3
Let f(g) = g**3 + 8*g**2 + 9*g + 3. Let u be f(-7). Let l = -35 - u. Let r = 34 + l. Calculate the greatest common divisor of r and 90.
10
Let b be (-8)/4 - (-6)/3. Suppose 2*o - 90 = -4*u, b = 2*o + 2*u + 3*u - 90. Calculate the highest common factor of o and 18.
9
Suppose u + h - 48 = -2*h, 3*h = 6. Suppose 192 = 5*a + u. Calculate the greatest common divisor of 30 and a.
30
Suppose -1942 - 5478 = -10*h. What is the greatest common factor of h and 53?
53
Let j be -18*4*(-33)/66. Suppose -60 = -6*k + k. Calculate the greatest common factor of k and j.
12
Suppose -2*h + 14 = -10. Let s = 33 - h. Calculate the greatest common factor of s and 147.
21
Let k(w) = 3*w + 19. Let t be k(-5). Let s be -2*-10*t/8. Calculate the greatest common factor of 30 and s.
10
Let z(i) = i**2 + 3*i + 2. Let l be z(-3). Let n be 54/4*(l - -2). Suppose -m + 36 = 4*w - 0*w, 4*m + 4*w = 144. What is the highest common factor of m and n?
18
Let v(t) = 10*t - 1. Let s be v(2). Let c = -62 - -65. Suppose -5*y + 190 = -c*y. Calculate the greatest common factor of s and y.
19
Suppose -j - h + 19 = 0, 5*j - 100 = -4*h - 0*h. Let f(c) = -4*c + 11. Let w be f(2). What is the greatest common factor of j and w?
3
Let w(o) = 4*o - 2. Let m be w(-1). Let y = m - 0. Let u be (63/(-12))/(y/16). Calculate the highest common factor of 7 and u.
7
Let x(g) = -16*g**2 + 209*g + 1. Let v be x(13). Calculate the highest common factor of v and 693.
7
Suppose 0 = 7*x - x - 120. Suppose r - 12 = -2*r, -2*a - 2 = -3*r. Suppose -933 = -a*s - 33. Calculate the highest common factor of x and s.
20
Let m(h) = -h**2 - 8*h + 3. Let q be m(-8). Suppose -l + 68 = q*b, 3*b + 0*b - 5*l - 92 = 0. Let n = -11 + 35. What is the highest common factor of b and n?
24
Let g = 95 - -1482. What is the highest common divisor of g and 19?
19
Let v be (4 + -20)*3/(-6). Suppose -v = -k + 5*k. Let r be 1190/56 - k/(-8). What is the greatest common factor of r and 84?
21
Su